ivative of 0 - 12*t - 3/2*t**2 - 1/6*t**3. Determine f(4).
-7
Suppose -18 = 4*m - 2*p, 0*m + 3*m + 5*p = -7. Let i(a) = 10*a + 1. Let g(h) = -9*h - 1. Let c(u) = m*i(u) - 5*g(u). Give c(-1).
-4
Let u(d) = -d**3 - d**2 + 2*d - 3. Let x(i) = -5*i - 28. Let g be x(-5). What is u(g)?
9
Let t(h) = h**2 + 5*h - 307. Let k be t(-20). Let b(i) = 5*i - 1 + i**2 - 2 - 5. Calculate b(k).
6
Let l(u) = 5*u - 1. Let b = -211 - -334. Suppose b*m = 124*m + 1. Determine l(m).
-6
Let x = 9 + -7. Suppose 3*v + 9 = -4*q - x*v, -12 = 2*q + 4*v. Suppose 15 = q*o - a - 10, -3*o + 25 = -2*a. Let r(k) = k**3 - 6*k**2 + 6*k - 7. Give r(o).
-2
Let z(n) = 2*n - 5. Let j(g) = -g**3 + 8*g**2 - 6*g - 2. Let k be j(7). Suppose -5 = -a + k. Suppose -2*w = -4*w + a. Calculate z(w).
5
Let l(x) = -x**3 + 6*x**2 - 6*x + 5. Let c = 496 + -491. Give l(c).
0
Let p(y) be the second derivative of -y**5/20 - y**4/2 + 7*y**3/6 + 3*y**2/2 + 75*y. Determine p(-7).
3
Let o(v) = -147*v + v**3 + 6*v**3 - 2*v**3 + 139*v - 1 - 4*v**3 + 7*v**2. Give o(-8).
-1
Let q = 8 - 13. Let m(a) = -a - 7. Let h be m(q). Let i(j) = -6*j - 31. Let r(y) = -y - 6. Let z(n) = h*i(n) + 11*r(n). Give z(-4).
-8
Let h(s) = 3*s**2 + 2*s + 17. Let n(a) = -16*a**2 - 6*a - 85. Let g(i) = -11*h(i) - 2*n(i). Calculate g(-7).
4
Suppose 2899*f = 2896*f. Let d(v) be the second derivative of 2*v + 9/2*v**2 - 1/2*v**4 + f + 1/3*v**3 - 1/20*v**5. What is d(-6)?
-3
Let t be ((-7)/(-5) + -2)*-25. Suppose 6*k = t - 3. Let m(c) = 0*c**k - 6*c - 2*c**2 - 6 + 1 + 1. Determine m(-4).
-12
Let c(f) be the first derivative of -f**4/4 + 2*f**3/3 + f**2/2 - 121. Determine c(2).
2
Let f(x) = x. Let r(d) = -2*d. Let y(l) = 2*f(l) + 3*r(l). Suppose -116*g + 172 + 292 = 0. Calculate y(g).
-16
Let y(f) be the first derivative of f**3/3 + 5*f**2/2 + 4*f + 1. Suppose -2*n = 0, 0*j - n + 4 = -j. Give y(j).
0
Let y(u) = 4*u + 8. Let a(n) = -5*n - 9. Let l(s) = -5*a(s) - 6*y(s). What is l(4)?
1
Let p(n) = -24 - 13*n**3 - 4*n**3 + 43 + 16*n**3. Let i be -1 + 1*(-1)/(-1). What is p(i)?
19
Let v(h) be the first derivative of -h**5/60 - h**4/3 - h**3/6 + 11*h**2 - 9. Let c(r) be the second derivative of v(r). What is c(-7)?
6
Let s(w) = w**3 - 10*w**2 + 11*w - 9. Suppose -33 - 5 = -4*t + z, -1 = -t - 4*z. Determine s(t).
9
Let c(z) = 7*z + 4. Let q(u) = 8*u + 4. Let y = -17 + 23. Let f(x) = y*q(x) - 7*c(x). Let a(m) = -m. Let t(n) = 2*a(n) - f(n). What is t(3)?
1
Let s(h) be the first derivative of -h**4/8 - 2*h**3/3 + 7*h**2/2 - 42. Let v(o) be the second derivative of s(o). Give v(4).
-16
Let o(y) be the third derivative of -9*y**2 - 2/3*y**3 + 0*y - 1/120*y**6 + 0*y**4 - 1/10*y**5 + 0. Let z = -16 + 10. What is o(z)?
-4
Suppose 10*p - 2 = 8*p. Let i(t) = 3*t**3 + t**2 + 2*t - 2. Calculate i(p).
4
Let y(a) = -a**3 - 24*a**2 + 26*a + 23. Let r be 206/(-8) + 129/172. What is y(r)?
-2
Let p(v) = 409*v**2 - 200*v**2 + 5*v + 9 - 210*v**2. Calculate p(7).
-5
Let t(z) be the first derivative of 5 + 5/3*z**3 - 1/2*z**2 + 2*z. Let f(i) = 2*i**2 - i + 1. Let g(r) = -5*f(r) + 3*t(r). Calculate g(-1).
4
Let g(u) = 6*u - 2*u**3 + u**3 + 6 - 6*u**2 - 4*u. Suppose -5*l - 3*h = 0, -3*l - 3*h = l - 3. Let c be ((-26)/8 + 1)*(-8)/l. Determine g(c).
-6
Let w(z) = z**2 - 35*z + 33. Let f be w(33). Let s = 27 + f. Let t(r) = 6*r**2 + 0*r**3 + 0*r - 2*r - 9 + r**3. Determine t(s).
3
Let s(x) = -x**3 - 48*x**2 - 95*x - 136. Let v be s(-46). Let f(k) = 4*k**2 - 2*k + 2. Calculate f(v).
14
Let o(c) = -c**3 - 6*c**2 + 10*c + 23. Let z be o(-7). Let k(h) = -1 + 7 - z - h. Determine k(0).
4
Let o be (252/(-324))/((-2)/18). Let g(a) = 2*a - 11. Determine g(o).
3
Let q(j) = 4*j**2 + 25*j + 61. Let d(s) = -5*s**2 - 26*s - 60. Let g(u) = 5*d(u) + 6*q(u). Let o be g(23). Let f(y) = y**3 + 2*y**2 - y + 2. Give f(o).
-4
Let d(b) be the first derivative of -b**5/20 - b**4/2 - 4*b**2 + 2*b - 11. Let z(r) be the first derivative of d(r). Determine z(-6).
-8
Let y(g) be the third derivative of -g**4/6 + g**3 + g**2 - 27. Calculate y(4).
-10
Let w(g) be the second derivative of g**4/12 + 3*g**2/2 + 420*g. Give w(-2).
7
Let v(p) = -10*p + 3. Let u(f) = f. Let l(g) = -6*u(g) - v(g). Let d be ((-12)/(-30))/(1/15). Give l(d).
21
Let s(c) = c**2 + c. Suppose 3*v - 74 = -2*g + 8*v, 2*g + 3*v - 42 = 0. Suppose g*m = 24*m - 6. Calculate s(m).
2
Let g(c) = 49*c + 45. Let w(r) = -27*r - 22. Let k(f) = -3*g(f) - 5*w(f). Calculate k(-2).
-1
Let t(o) = -1. Suppose 0 = -4*g + g + 3. Let j(b) = -40 + 2*b**2 + 3*b + 51 - 18. Let q(r) = g*j(r) - 6*t(r). Determine q(-3).
8
Let a(r) = 37*r + 5. Let s(q) = -13*q - 2. Suppose 6*y + 40 = 11*y. Let z(n) = y*s(n) + 3*a(n). What is z(-1)?
-8
Let c(f) = -f**3 - 4*f**2 + 5*f - 4. Let u be c(-5). Let r(o) = -7*o - 6. Give r(u).
22
Let f(t) = 17036*t + 3 - 3*t**2 - 17037*t - 4 + 0 + t**3. Suppose -x + 4 = -3*h + 14, -3*h - x + 2 = 0. Determine f(h).
-7
Let p(a) = 2*a**2 + 7*a + 6. Let h = -11 - -22. Let x = h - 6. Suppose -3*j + 1 - 4 = -3*t, 0 = j + x. Give p(t).
10
Let k(p) = p**3 - 5*p**2 + 4*p + 2. Let j be k(4). Let b(i) = -3 - i**j + i + 1 + 4. Suppose -o + 0*o + 2 = 0. Give b(o).
0
Let a = 25115 + -25115. Let w(v) = -v**2 + v - 16. Let j(q) = 2*q**2 - 2*q + 17. Let c(h) = 2*j(h) + 3*w(h). What is c(a)?
-14
Let f(v) = -16*v + 10. Let u(a) = -5*a + 1. Let z(x) = f(x) - 4*u(x). What is z(-2)?
-2
Let b(i) = 14 - 440*i + 1 + 441*i. What is b(-13)?
2
Let u(k) be the first derivative of k**4/24 - k**3/6 - 12*k**2 + 4. Let v(i) be the second derivative of u(i). Give v(-3).
-4
Let m(n) = 2*n + 6 - 3 + 4. What is m(-6)?
-5
Let f be (-266)/18 + (-1)/9*2. Let y(g) = -g**3 - 14*g**2 + 16*g + 13. Calculate y(f).
-2
Let u(w) be the third derivative of -w**4/12 - 4*w**3/3 - w**2 - 118*w. What is u(9)?
-26
Suppose 3*j = 4*q + 49, -39 = -5*j - 2*q + 8. Let z(m) = -m**3 + 1 + 10*m**2 - 15 + 9*m + 4*m. Calculate z(j).
8
Let g be -4 - (-4)/2 - -3. Suppose b + 2*b + 5*h = -11, -3*b = -2*h - 17. Let j(k) = -8*k + b*k - g + 4*k. Give j(-5).
4
Let m = 32 + -28. Let y(n) = -3*n + 2. Let f(t) = t - 1. Let j(o) = 8*f(o) + 3*y(o). Give j(m).
-6
Let d(h) = h - 5. Let f be d(5). Let r = 1 + f. Let a(q) = 4*q**2 + 4*q + r + 0*q**2 - 5*q**2 - 2. Give a(4).
-1
Let x be (-1)/(2/24*-2). Let g(c) = 3*c**3 + 3*c**2 - 4*c + 3. Let l(j) = j**3 - j**2 + j. Let z(y) = g(y) - 4*l(y). Determine z(x).
-9
Suppose 6*d = 3*d - 3, 5*d = 2*a - 11. Suppose a*m - 4 + 1 = 0. Let p(l) = -3 + l + 3. Give p(m).
1
Let f = 1 - 1. Let b(y) be the first derivative of -y**3/3 - y + 79. Give b(f).
-1
Let m(p) = 4*p**3 + 4*p**2 + 3*p + 1. Let f(h) = 4*h - 42. Let s be f(11). Suppose -5*y = s*i + 6, 4*y + 0*y - 5*i + 18 = 0. Calculate m(y).
-21
Suppose 3*z + 30 = -12. Let k be ((-8)/z)/(16/56). Let w(c) = -c + 7*c**k - 3*c**2 + 2*c. Give w(1).
5
Let s(r) = -28*r - 22*r + 52*r + r**2 + 0*r**2. Suppose 2*u - 4*u - 5*w = -14, 4*w = 16. Give s(u).
3
Suppose 12 = 4*w - 52. Let o = w + -10. Let v(h) = h**2 - 3*h - 8. Let l(t) = -t + 1. Let i(q) = -2*l(q) - v(q). Calculate i(o).
0
Let j(k) be the first derivative of 0*k**2 + 15 - 1/4*k**4 - 4*k - 2/3*k**3. Let s be 0*2/(-2) - 3. What is j(s)?
5
Let i(m) = -m**3 - 5*m**2 - 4*m + 1. Let u(r) be the first derivative of -r**4/4 - 2*r**3 - 3*r**2/2 + 6*r - 16. Let a be u(-5). Calculate i(a).
1
Let b be -7 - (-4 + (-2)/(-2)) - 1. Let j(l) = -l. Let v(x) = x**3 + 6*x**2 + 3*x + 5. Let d(g) = b*j(g) - v(g). Determine d(-6).
-17
Let i(m) be the third derivative of -m**5/60 - m**4/4 - m**3/3 + 367*m**2. Let d(k) = -k**2 + 4*k + 6. Let r be d(6). Give i(r).
-2
Let j be ((-70)/525)/(1/(-15)). Let a(s) be the second derivative of 5/2*s**j - 1/20*s**5 + 0*s**3 + 0 + 0*s**4 - 4*s. Calculate a(0).
5
Let i(t) be the first derivative of t**6/40 + t**3/6 + 3*t**2/2 - 35. Let s(p) be the second derivative of i(p). Suppose 5*j - 6 = -1. Calculate s(j).
4
Let o(k) = 5*k + 14. Let i(w) = -4*w - 11. Let z(r) = -6*i(r) - 5*o(r). Determine z(10).
-14
Let z(m) be the first derivative of -3*m**2/2 + 8*m - 390. Give z(6).
-10
Let k(r) = -2*r**3 + 16*r**2 + 6*r - 44. Let y be k(8). Let h(q) = 2*q**3 - 5*q**2 - 2*q + 5. Give h(y).
45
Let m(d) = 7 - d**3 - 12556*d**2 + 12574*d**2 - d - 15*d. What is m(17)?
24
Let d(j) be the third derivative of j**6/240 + j**5/120 + 13*j**4/24 + 8*j**2. Let h(v) be the seco